{"id":15689,"date":"2023-07-18T11:43:09","date_gmt":"2023-07-18T11:43:09","guid":{"rendered":"https:\/\/micaia.itechnology.co.mz\/?page_id=15689"},"modified":"2023-11-22T12:51:40","modified_gmt":"2023-11-22T12:51:40","slug":"comunidade-pratica","status":"publish","type":"page","link":"https:\/\/dptmocambique.org\/index.php\/comunidade-pratica\/","title":{"rendered":"Comunidade Pr\u00e1tica"},"content":{"rendered":"<style>\/*! elementor - v3.16.0 - 20-09-2023 *\/\n.elementor-heading-title{padding:0;margin:0;line-height:1}.elementor-widget-heading .elementor-heading-title[class*=elementor-size-]>a{color:inherit;font-size:inherit;line-height:inherit}.elementor-widget-heading .elementor-heading-title.elementor-size-small{font-size:15px}.elementor-widget-heading .elementor-heading-title.elementor-size-medium{font-size:19px}.elementor-widget-heading .elementor-heading-title.elementor-size-large{font-size:29px}.elementor-widget-heading .elementor-heading-title.elementor-size-xl{font-size:39px}.elementor-widget-heading .elementor-heading-title.elementor-size-xxl{font-size:59px}<\/style>\n<h2>Precisamos da Sua Ajuda<\/h2>\n<h2 >\n                    Voc\u00ea deseja<br \/>\n                    se envolver?<br \/>\n                <\/h2>\n<link rel=\"stylesheet\" href=\"https:\/\/dptmocambique.org\/wp-content\/uploads\/elementor\/css\/custom-widget-icon-box.min.css?ver=1699944947\">\n<h3>\n\t\t\t\t\t\tVolunt\u00e1rios Individuais<br \/>\n\t\t\t\t<\/h3>\n<p>\n\t\t\t\t\t\tComo volunt\u00e1rio individual, voc\u00ea pode trabalhar em nossas escolas parceiras ajudando a facilitar jogos recreativos, ligas esportivas, programas de lideran\u00e7a juvenil ou eventos especiais.\t\t\t\t\t<\/p>\n<p>\t\t\t<a href=\"https:\/\/dptmocambique.org\/index.php\/contactos\/\"><br \/>\n\t\t\t\t\t\tCONTACTOS<br \/>\n\t\t\t\t\t<\/a><\/p>\n<h3>\n\t\t\t\t\t\tSeja nosso parceiro<br \/>\n\t\t\t\t<\/h3>\n<p>\n\t\t\t\t\t\tVoc\u00ea e sua equipe podem causar um impacto ao trabalhar diretamente com crian\u00e7as ou se envolver em um projeto de transforma\u00e7\u00e3o de playground.\t\t\t\t\t<\/p>\n<p>\t\t\t<a href=\"https:\/\/dptmocambique.org\/index.php\/contactos\/\"><br \/>\n\t\t\t\t\t\tCONTACTOS<br \/>\n\t\t\t\t\t<\/a><\/p>\n","protected":false},"excerpt":{"rendered":"<p>Precisamos da Sua Ajuda Voc\u00ea deseja se envolver? Volunt\u00e1rios Individuais Como volunt\u00e1rio individual, voc\u00ea pode trabalhar em nossas escolas parceiras ajudando a facilitar jogos recreativos, ligas esportivas, programas de lideran\u00e7a juvenil ou eventos especiais. CONTACTOS Seja nosso parceiro Voc\u00ea e sua equipe podem causar um impacto ao trabalhar diretamente com crian\u00e7as ou se envolver em [&hellip;]<\/p>\n","protected":false},"author":1,"featured_media":0,"parent":0,"menu_order":0,"comment_status":"closed","ping_status":"closed","template":"elementor_header_footer","meta":[],"_links":{"self":[{"href":"https:\/\/dptmocambique.org\/index.php\/wp-json\/wp\/v2\/pages\/15689"}],"collection":[{"href":"https:\/\/dptmocambique.org\/index.php\/wp-json\/wp\/v2\/pages"}],"about":[{"href":"https:\/\/dptmocambique.org\/index.php\/wp-json\/wp\/v2\/types\/page"}],"author":[{"embeddable":true,"href":"https:\/\/dptmocambique.org\/index.php\/wp-json\/wp\/v2\/users\/1"}],"replies":[{"embeddable":true,"href":"https:\/\/dptmocambique.org\/index.php\/wp-json\/wp\/v2\/comments?post=15689"}],"version-history":[{"count":0,"href":"https:\/\/dptmocambique.org\/index.php\/wp-json\/wp\/v2\/pages\/15689\/revisions"}],"wp:attachment":[{"href":"https:\/\/dptmocambique.org\/index.php\/wp-json\/wp\/v2\/media?parent=15689"}],"curies":[{"name":"wp","href":"https:\/\/api.w.org\/{rel}","templated":true}]}}